. Calculate the remainder when -1*1*k*8/24 is divided by 16.
15
Let f(d) be the second derivative of d**4/4 - 4*d**3/3 + 15*d**2/2 + 10*d. What is the remainder when f(5) is divided by 26?
24
Suppose 5*w - 1400 = -1315. Calculate the remainder when 26 is divided by w.
9
Let b = 503 - 265. Calculate the remainder when b is divided by 48.
46
Suppose -4*v + 2*l + 80 = 3*l, -5*v + l = -109. Let f = -10 + v. Calculate the remainder when 65 is divided by f.
10
Suppose 0 = -17*s + 410 + 848. Suppose 0 = -p - 0*p + 26. What is the remainder when s is divided by p?
22
Let x = -16 - -22. Suppose 121 = 4*h + 3*c, -3*h = 4*c + x - 95. Let y = -26 - -37. Calculate the remainder when h is divided by y.
9
Let p = 1247 + -993. Calculate the remainder when p is divided by 67.
53
Let l = 1157 - 1832. What is the remainder when 50 is divided by 6/(-8) - l/36?
14
Let h = 316 - -78. Suppose 2*m + h = 4*m. What is the remainder when m is divided by 50?
47
Let x(f) = f**2 - 16*f - 37. Calculate the remainder when x(23) is divided by 19.
10
Calculate the remainder when -1 + (24 - 4) + 5 is divided by 17.
7
Suppose -128 - 20 = -4*z. Let y(r) = r**3 + 36*r**2 - 44*r - 152. What is the remainder when y(-37) is divided by z?
33
Let u = 251 - 243. Calculate the remainder when 229 is divided by u.
5
Let v = -4 - -95. What is the remainder when v is divided by 52?
39
Let k be ((-5)/(-2) - 2)*-24. Let o(t) = t + 14. Calculate the remainder when o(9) is divided by (-2)/k - 35/(-6).
5
Let n(o) = -8*o + 34. Calculate the remainder when n(-3) is divided by 15.
13
Suppose 37 = -4*a + 77. Suppose a + 14 = 2*h. What is the remainder when 56 is divided by h?
8
Suppose -3*u + 2*y + 259 = -0*y, 3*y - 3 = 0. Calculate the remainder when u is divided by 15.
12
Suppose 4*x - 4*w - 100 = 0, 4 = -4*x - 2*w + 92. Calculate the remainder when x is divided by 17.
6
Let c(o) = -o**3 + 21*o**2 - 19*o - 10. Let y(n) = -15*n - 1. Suppose -4*u - 2 = 5*m, -4*m + m = 3*u. Calculate the remainder when y(m) is divided by c(20).
9
Let y = -53 - -86. What is the remainder when ((-12)/(-10)*43)/(12/30) is divided by y?
30
Let b(l) = 2*l**2 - 8*l + 6. Suppose 2*d + 2*o = 6, -5*d + 17 = 4*o - 1. Let s be b(d). Suppose -2*m + 10 = -s. Calculate the remainder when m is divided by 12.
8
Let c(n) = 10*n**2 - 14*n - 12. Calculate the remainder when c(5) is divided by 19.
16
Let p be ((-18)/27)/(1/3). Calculate the remainder when (-30)/(-165) + 361/11 is divided by p*6*9/(-12).
6
Calculate the remainder when 395 is divided by ((-10)/4)/(-1*(-11)/(-352)).
75
Suppose 4*r + 3*g - 11 = 11, r = -4*g + 12. Suppose -3*o - r*o = -371. Calculate the remainder when o is divided by 15.
8
Suppose -3*w = w - 4, 4*d - 4*w = 124. What is the remainder when 110 is divided by d?
14
Let x = -153 + 149. Let v(m) be the first derivative of -m**4/4 - m**3/3 + 3*m**2/2 + 2*m - 1. What is the remainder when 151 is divided by v(x)?
37
Let h be 5 - (-116)/36 - (-4)/(-18). Let i = h + -3. Calculate the remainder when 9 is divided by i.
4
Suppose -2*u = -237*d + 236*d + 1012, -15 = -3*u. Calculate the remainder when d is divided by 31.
30
Suppose 0 = -28*i + 29*i - 129. What is the remainder when i is divided by 47?
35
What is the remainder when (-1400)/70*28/(-5) is divided by 54?
4
Suppose 4*v = -116 + 416. Suppose -6*w + w = -v. What is the remainder when 42 is divided by w?
12
Suppose 2*b + 0*b - 68 = 0. Let u be (b - -2) + (-4 - -1). Suppose 2*g + 24 = s - 0*s, -u = -2*s - g. Calculate the remainder when s is divided by 10.
8
Let d = 1498 + -884. Calculate the remainder when d is divided by 44.
42
Suppose 39*u - 149 = 18 + 67. Suppose 5*g + 175 = 5*l, -g = -2*l - 2*l + 152. What is the remainder when l is divided by u?
3
Let g(w) = 30*w - 1. Let o = 188 + -168. What is the remainder when g(2) is divided by o?
19
Let u(m) = 2*m**2 - 2*m - 13. Let y be (-2)/((-35)/10 + 3). Suppose b + 4 + 0 = g, -5*g = -y*b - 20. Calculate the remainder when u(g) is divided by 3.
2
Suppose 0 = -5*i + 4*i + 15. Let c be 2/((-131)/66 + 2). Let x = -90 + c. Calculate the remainder when x is divided by i.
12
Let c(z) = -2*z**2 + 13*z + 4. Calculate the remainder when 177 is divided by c(6).
7
Let n(g) = -3 - 3*g - 1 + 1. Let s be n(-2). Suppose s*d = -0*d + 231. Calculate the remainder when d is divided by 26.
25
Suppose 2*z - 81 = -65. Calculate the remainder when 84 is divided by z.
4
Let f be 6 - (-1)/3*0. Let y(i) = 6*i + 9. Calculate the remainder when y(f) is divided by 24.
21
Let p(x) = -x**3 - 5*x**2 + 2*x + 4. Let m be p(-5). Let l(b) = 3*b**2 - b + 1. Calculate the remainder when l(1) is divided by ((-2)/(-3))/(m/(-9)).
0
Let q(f) = -2*f + 110. What is the remainder when q(8) is divided by 34?
26
Let g = 6 - -5. Let d = 28 - g. What is the remainder when d is divided by 3?
2
Let x(y) = 20*y - 133. Calculate the remainder when x(21) is divided by 73.
68
Suppose 0 = -2*w - 5 + 19. Let m be -31 - (-6 + 3 - -4)*-1. What is the remainder when ((-408)/m)/(4/10) is divided by w?
6
Let f(p) be the third derivative of -p**6/120 - p**5/30 - p**4/6 - 14*p**3/3 + 21*p**2. Calculate the remainder when 50 is divided by f(-4).
10
Let z(t) = -t**3 + 9*t**2 - 6*t + 6. Let g = -9 - -12. Let o(v) = v**2 + v - 6. What is the remainder when z(8) is divided by o(g)?
4
Let l(h) = 2*h**2 + 22*h + 86. Calculate the remainder when l(-9) is divided by 14.
8
Let w(q) = q**2 + 16*q + 84. What is the remainder when 202 is divided by w(-13)?
22
Let d = -754 - -846. What is the remainder when d is divided by 38?
16
Let b(i) = 9*i - 97. Let a(f) = -2*f**3 - 6*f**2 + 2*f + 7. Let k be a(-5). Let o = -58 + k. Calculate the remainder when o is divided by b(13).
19
Let p(s) = 3*s + 5. Let j(m) = m**3 - 3*m**2 - 6*m - 14. Let g be j(5). What is the remainder when 84 is divided by p(g)?
15
Suppose 3*k = 8*k - 10. Suppose -y = 0, 0*y - 16 = -k*r - 4*y. Calculate the remainder when 22*(1 - (-5 - -5)) is divided by r.
6
Let p(y) be the third derivative of y**5/60 + 5*y**4/24 - 7*y**3/3 - 7*y**2. Calculate the remainder when p(7) is divided by 15.
10
Suppose 0 = 3*w - 5*w + 20. Suppose -7*m + 90 = -2*m. What is the remainder when 12/w*(-110)/(-4) is divided by m?
15
Suppose 5*c - n - 168 = -24, 2*c - 54 = 4*n. Calculate the remainder when 78 is divided by c.
20
What is the remainder when 65 is divided by 2/2 + 5 - 12/(-12)?
2
Let a(v) = 3*v**3 - v**2 + v + 86. Let w(p) = -2*p**3 + p**2 - p - 86. Let l(h) = -3*a(h) - 4*w(h). What is the remainder when l(0) is divided by 23?
17
Suppose 0 = -4*c - 7*c + 8591. Calculate the remainder when c is divided by 14.
11
Calculate the remainder when 123 is divided by (-4 - 126/(-35))/((-3)/285).
9
Suppose -2*h = -4*h + 4. Suppose 7*u = h*u - 1440. Let i = -174 - u. Calculate the remainder when i is divided by 29.
27
Let q = 690 - 646. What is the remainder when q is divided by (2 + 18/(-1))*-1?
12
Suppose 0 = -37*u + 40*u - 2*g - 29, -13 = -3*u - 2*g. What is the remainder when 589 is divided by u?
1
Suppose 2*y - 6*y + 68 = 4*p, p + 2*y - 20 = 0. Calculate the remainder when 33 is divided by p.
5
Suppose 128 = -8*u - 152. Let a = u - -35. Suppose -56 = -a*t - 4*t. What is the remainder when t is divided by 9?
5
Let j be ((-2)/(-1))/((-6)/12). Let m be (-2)/3*(-2 + j). Suppose h - 103 = -m*r, -h = -3*h - 2. Calculate the remainder when r is divided by 9.
8
Let b = 324 + -316. Let f(a) = -9*a**2 + 3 + 0*a**2 + a + a**3 + a**2. Calculate the remainder when 52 is divided by f(b).
8
Suppose 4*r - q = 634, -2*r = q + 17 - 337. Suppose 7*u - 384 = -160. What is the remainder when r is divided by u?
31
Let h(c) = c**2 - 10*c - 112. What is the remainder when h(-8) is divided by 22?
10
Suppose 0 = 5*m - 2*m - 369. Let t = -196 - -254. Suppose -60*y + 62 = -t*y. What is the remainder when m is divided by y?
30
Suppose 102 = 16*n - 74. What is the remainder when 2275 is divided by n?
9
Let g(r) = -r**3 - 6*r**2 + 25*r + 37. Calculate the remainder when g(-11) is divided by 10.
7
Let a = -1566 + 2336. Let d(f) = f + 21. Let x be d(12). What is the remainder when 70 is divided by (-2)/(-3) + a/x?
22
Let p = 81 - 72. What is the remainder when 39 is divided by p?
3
Calculate the remainder when -4 + (-310)/(-4 - 1) + -2 is divided by 27.
2
Let q(b) = -108*b - 6